ions digit of 437183998?
7
What is the tens digit of 287612481?
8
What is the millions digit of 1080497351?
0
What is the tens digit of 190214311?
1
What is the ten thousands digit of 179242152?
4
What is the millions digit of 1627340782?
7
What is the billions digit of 1582612309?
1
What is the hundreds digit of 58638415?
4
What is the units digit of 269845935?
5
What is the ten thousands digit of 35462521?
6
What is the units digit of 19105492?
2
What is the units digit of 99168297?
7
What is the ten thousands digit of 2615296?
1
What is the hundred thousands digit of 565891856?
8
What is the hundreds digit of 110751642?
6
What is the ten thousands digit of 4831970870?
7
What is the hundred thousands digit of 50047360?
0
What is the thousands digit of 2246173379?
3
What is the hundred thousands digit of 114762586?
7
What is the ten thousands digit of 1850343121?
4
What is the units digit of 30799319?
9
What is the units digit of 3667222586?
6
What is the thousands digit of 135774331?
4
What is the tens digit of 3470173426?
2
What is the hundred millions digit of 1667703401?
6
What is the hundreds digit of 128272204?
2
What is the hundred thousands digit of 700919515?
9
What is the units digit of 63687866?
6
What is the billions digit of 1778234686?
1
What is the millions digit of 91903745?
1
What is the hundred thousands digit of 287695761?
6
What is the thousands digit of 4283313967?
3
What is the hundred millions digit of 3503610546?
5
What is the thousands digit of 230252542?
2
What is the hundreds digit of 80543830?
8
What is the units digit of 19546285?
5
What is the ten thousands digit of 4578908804?
0
What is the millions digit of 24981607?
4
What is the units digit of 3505337465?
5
What is the millions digit of 1967458040?
7
What is the thousands digit of 146987486?
7
What is the hundreds digit of 105888660?
6
What is the hundred millions digit of 326674306?
3
What is the hundred millions digit of 471427553?
4
What is the hundred millions digit of 252609959?
2
What is the ten thousands digit of 132066778?
6
What is the ten millions digit of 71036880?
7
What is the thousands digit of 4465311015?
1
What is the units digit of 255074849?
9
What is the units digit of 12074521?
1
What is the thousands digit of 120838324?
8
What is the tens digit of 373288912?
1
What is the hundred thousands digit of 2928481686?
4
What is the millions digit of 637405418?
7
What is the millions digit of 2666561036?
6
What is the ten thousands digit of 109092158?
9
What is the ten millions digit of 61865708?
6
What is the ten thousands digit of 570004881?
0
What is the ten millions digit of 1320924163?
2
What is the ten millions digit of 23858681?
2
What is the tens digit of 646538154?
5
What is the ten millions digit of 14378667?
1
What is the billions digit of 1278088823?
1
What is the tens digit of 11733917?
1
What is the hundred thousands digit of 3947341368?
3
What is the units digit of 20647491?
1
What is the hundreds digit of 58134409?
4
What is the units digit of 22274866?
6
What is the ten millions digit of 123852132?
2
What is the millions digit of 8251555?
8
What is the thousands digit of 1935234435?
4
What is the millions digit of 893710706?
3
What is the units digit of 1606453059?
9
What is the millions digit of 87334346?
7
What is the units digit of 302442174?
4
What is the hundreds digit of 46970162?
1
What is the millions digit of 17396623?
7
What is the hundreds digit of 29368208?
2
What is the thousands digit of 571069126?
9
What is the millions digit of 37570128?
7
What is the millions digit of 43390395?
3
What is the millions digit of 104883311?
4
What is the thousands digit of 387619280?
9
What is the hundreds digit of 2323536924?
9
What is the ten millions digit of 43604240?
4
What is the hundred thousands digit of 2281802277?
8
What is the ten thousands digit of 1069520532?
2
What is the thousands digit of 1188430559?
0
What is the tens digit of 480007561?
6
What is the hundred millions digit of 4285879116?
2
What is the ten millions digit of 19453301?
1
What is the tens digit of 709400019?
1
What is the ten millions digit of 710118620?
1
What is the tens digit of 4172599900?
0
What is the ten thousands digit of 15516318?
1
What is the thousands digit of 1419963?
9
What is the tens digit of 44235962?
6
What is the millions digit of 37857626?
7
What is the ten thousands digit of 282126275?
2
What is the millions digit of 93044729?
3
What is the tens digit of 328284006?
0
What is the hundreds digit of 3747358?
3
What is the thousands digit of 580023580?
3
What is the hundreds digit of 22463332?
3
What is the ten thousands digit of 116401407?
0
What is the units digit of 4070010499?
9
What is the ten thousands digit of 150697749?
9
What is the hundred millions digit of 564703300?
5
What is the hundreds digit of 55683385?
3
What is the thousands digit of 1191345445?
5
What is the millions digit of 36192831?
6
What is the billions digit of 4706351707?
4
What is the millions digit of 494502171?
4
What is the hundreds digit of 8042647763?
7
What is the millions digit of 34695849?
4
What is the thousands digit of 103773545?
3
What is the ten thousands digit of 540333302?
3
What is the units digit of 274297809?
9
What is the units digit of 515021360?
0
What is the units digit of 1090067941?
1
What is the hundred millions digit of 6459704160?
4
What is the tens digit of 185515587?
8
What is the hundred thousands digit of 339484460?
4
What is the units digit of 603083425?
5
What is the thousands digit of 1849592600?
2
What is the hundred millions digit of 190236957?
1
What is the ten millions digit of 291712398?
9
What is the ten millions digit of 99966280?
9
What is the thousands digit of 193782313?
2
What is the units digit of 190781295?
5
What is the hundreds digit of 741265934?
9
What is the hundred thousands digit of 401136304?
1
What is the hundreds digit of 10318846?
8
What is the ten thousands digit of 45470576?
7
What is the hundreds digit of 2777969765?
7
What is the ten thousands digit of 309576507?
7
What is the hundred thousands digit of 172535285?
5
What is the ten millions digit of 416758931?
1
What is the hundreds digit of 2663611846?
8
What is the thousands digit of 124512637?
2
What is the ten thousands digit of 107782363?
8
What is the ten millions digit of 4487755587?
8
What is the hundred thousands digit of 93875460?
8
What is the ten thousands digit of 612047699?
4
What is the ten millions digit of 114254629?
1
What is the ten thousands digit of 7234539?
3
What is the hundred thousands digit of 221861739?
8
What is the ten thousands digit of 97289875?
8
What is the millions digit of 89286449?
9
What is the hundreds digit of 148723526?
5
What is the thousands digit of 124443934?
3
What is the billions digit of 4425298001?
4
What is the ten millions digit of 49859041?
4
What is the ten millions digit of 619318000?
1
What is the hundreds digit of 1593943090?
0
What is the ten thousands digit of 48002436?
0
What is the thousands digit of 1836987631?
7
What is the thousands digit of 229783201?
3
What is the millions digit of 982718984?
2
What is the millions digit of 6823270261?
3
What is the hundreds digit of 828212292?
2
What is the tens digit of 33402523?
2
What is the hundred millions digit of 2226040356?
2
What is the thousands digit of 1860884?
0
What is the units digit of 172490386?
6
What is the units digit of 3108871644?
4
What is the thousands digit of 7766798?
6
What is the units digit of 89424808?
8
What is the ten thousands digit of 101409811?
0
What is the millions digit of 120766048?
0
What is the hundred thousands digit of 186233711?
2
What is the hundreds digit of 3534193763?
7
What is the thousands digit of 105862427?
2
What is the ten millions digit of 74474979?
7
What is the ten millions digit of 2583159694?
8
What is the thousands digit of 598799788?
9
What is the units digit of 8687656?
6
What is the millions digit of 1165228222?
5
What is the millions digit of 58669259?
8
What is the ten millions digit of 60171731?
6
What is the hundreds digit of 542750099?
0
What is the billions digit of 6214828595?
6
What is the thousands digit of 3100280350?
0
What is the tens digit of 50806074?
7
What is the hundred